er?
True
Is 26408839 a composite number?
False
Is 16326655 prime?
False
Is 891173 prime?
True
Is 84496679 a prime number?
True
Is 6125881 composite?
False
Is 623749 composite?
True
Is 13090369 a prime number?
True
Is 2925119 a prime number?
True
Is 60956359 composite?
False
Is 1279031 prime?
False
Is 1021901 a prime number?
False
Is 113795051 prime?
False
Is 15160031 prime?
True
Is 6380551 prime?
False
Is 50242237 a composite number?
False
Is 21300109 prime?
False
Is 6350549 composite?
False
Is 493349 composite?
True
Is 1125821 prime?
False
Is 287719769 a prime number?
True
Is 86397487 composite?
True
Is 7251869 prime?
False
Is 2494909 composite?
True
Is 2252797 prime?
False
Is 84603697 composite?
True
Is 282022953 composite?
True
Is 171188009 prime?
True
Is 2748547 a composite number?
False
Is 4951237 composite?
True
Is 743089 prime?
True
Is 1507643 prime?
False
Is 1064496061 prime?
True
Is 66648097 a prime number?
True
Is 53960927 prime?
True
Is 7372987 prime?
True
Is 9602993 composite?
True
Is 4632973 a composite number?
False
Is 7374541 composite?
True
Is 4475363 a prime number?
False
Is 117108437 a prime number?
True
Is 206807357 composite?
False
Is 1334422811 composite?
False
Is 24891809 a composite number?
True
Is 7626299 composite?
False
Is 2542817 a prime number?
True
Is 156836443 a prime number?
True
Is 15083113 a prime number?
True
Is 151057931 prime?
True
Is 1308077 composite?
False
Is 2437469 composite?
False
Is 53823667 a prime number?
True
Is 390367 prime?
True
Is 4691759 a prime number?
True
Is 8906327 prime?
True
Is 4744369 prime?
False
Is 36245707 prime?
True
Is 34149743 a prime number?
True
Is 2812829 composite?
False
Is 4005557 a prime number?
False
Is 14417831 a prime number?
False
Is 118868431 a prime number?
False
Is 156635093 a composite number?
True
Is 2328079 a prime number?
False
Is 99440227 prime?
False
Is 33759757 a composite number?
False
Is 184872067 prime?
True
Is 49542799 composite?
True
Is 2048413 a prime number?
True
Is 344680471 prime?
True
Is 9628061 composite?
False
Is 7606463 prime?
False
Is 5487707 a prime number?
True
Is 9830833 a prime number?
True
Is 17411 prime?
False
Is 387133579 a composite number?
True
Is 31746001 a prime number?
False
Is 58335467 a composite number?
True
Is 46034537 a composite number?
True
Is 24281 prime?
True
Is 19815611 prime?
True
Is 650773 a composite number?
True
Is 594906009 composite?
True
Is 1762093 a composite number?
True
Is 52121929 a composite number?
False
Is 2845291 prime?
False
Is 2817929 a prime number?
True
Is 24464089 prime?
False
Is 1095287 composite?
False
Is 377873 prime?
True
Is 1477340429 a composite number?
False
Is 80803913 composite?
False
Is 109018927 a composite number?
False
Is 26687543 a composite number?
True
Is 3597641 prime?
False
Is 7972499 composite?
False
Is 31247791 prime?
False
Is 268816241 a composite number?
False
Is 857069 prime?
True
Is 35327189 prime?
True
Is 161181187 prime?
True
Is 18799847 a prime number?
False
Is 42952439 a composite number?
False
Is 79947695 prime?
False
Is 521856677 prime?
True
Is 45851549 a composite number?
False
Is 5411167 composite?
False
Is 1286697 a prime number?
False
Is 4366513 a prime number?
True
Is 89985619 a composite number?
False
Is 111978977 a prime number?
False
Is 3447967 a prime number?
False
Is 870323 composite?
False
Is 6411661 prime?
True
Is 297087499 a composite number?
False
Is 11205749 a prime number?
False
Is 23602357 prime?
False
Is 2938171 a prime number?
False
Is 694769 a prime number?
False
Is 1209893 a composite number?
True
Is 343643347 composite?
True
Is 173184703 prime?
True
Is 12997603 prime?
True
Is 79603369 a composite number?
True
Is 24134267 composite?
False
Is 54002561 composite?
False
Is 311611 a prime number?
False
Is 115814311 a composite number?
True
Is 3671989 composite?
False
Is 167403953 a prime number?
True
Is 138673 composite?
True
Is 22594043 a composite number?
True
Is 1026771 a prime number?
False
Is 55519237 composite?
False
Is 43938379 prime?
True
Is 142007 a prime number?
True
Is 139571 prime?
True
Is 317321 prime?
True
Is 39005921 a composite number?
True
Is 37681621 prime?
False
Is 467429881 a prime number?
True
Is 25543393 a prime number?
True
Is 509651 a composite number?
True
Is 4461047 a prime number?
True
Is 20916845 prime?
False
Is 271013657 prime?
False
Is 818903 prime?
False
Is 17369929 prime?
True
Is 10943233 a prime number?
False
Is 78375137 prime?
False
Is 25420361 a composite number?
False
Is 1595431 prime?
True
Is 9783633 a composite number?
True
Is 1533029 composite?
False
Is 53543507 prime?
True
Is 1822693 composite?
False
Is 9921283 prime?
True
Is 65279 prime?
False
Is 179897 a composite number?
False
Is 38826349 composite?
False
Is 109407238 composite?
True
Is 1388623 a prime number?
True
Is 23102839 a prime number?
False
Is 2668691 a composite number?
True
Is 3561353 a composite number?
True
Is 117585238 composite?
True
Is 6071033 a composite number?
True
Is 181399279 composite?
False
Is 4846609 composite?
True
Is 15275627 a composite number?
False
Is 634343 a prime number?
True
Is 5734858 a composite number?
True
Is 4568857 composite?
True
Is 127923 a prime number?
False
Is 169229435 composite?
True
Is 231907889 composite?
False
Is 385267985 a prime number?
False
Is 383653 composite?
True
Is 11510374 composite?
True
Is 32557009 a prime number?
True
Is 231314717 prime?
True
Is 11720197 composite?
False
Is 146753857 a composite number?
True
Is 4049174 composite?
True
Is 320433989 a prime number?
True
Is 2705909 a prime number?
True
Is 972004807 a composite number?
True
Is 134953183 composite?
True
Is 15894119 a prime number?
True
Is 7966103 a prime number?
True
Is 132911 prime?
True
Is 94849982 a composite number?
True
Is 5529759 a composite number?
True
Is 88191107 a prime number?
True
Is 26826559 prime?
True
Is 4026643 a prime number?
True
Is 40870187 prime?
True
Is 80073731 prime?
True
Is 32880019 composite?
False
Is 91650557 a prime number?
True
Is 9568139 a composite number?
True
Is 43971011 a prime number?
False
Is 332834539 prime?
True
Is 126901349 a prime number?
False
Is 138272581 prime?
True
Is 412793 a composite number?
False
Is 82141583 a prime number?
False
Is 3907639 prime?
False
Is 552953 a prime number?
False
Is 2315981 composite?
False
Is 656547 a composite number?
True
Is 752562883 prime?
True
Is 19715537 a composite number?
False
Is 2386853 a composite number?
True
Is 812717 a composite number?
False
Is 32763209 composite?
False
Is 6676477 composite?
True
Is 6899363 composite?
True
Is 832541 a prime number?
False
Is 13073797 a composite number?
True
Is 552469 a prime number?
True
Is 33947621 a prime number?
True
Is 48210961 composite?
True
Is 39253 prime?
False
Is 17480813 prime?
False
Is 5866397 prime?
False
Is 27362326 prime?
False
Is 28904509 a composite number?
True
Is 535841 prime?
False
Is 2190503 prime?
False
Is 2573061 prime?
False
Is 6087643 prime?
True
Is 5567845 a prime number?
False
Is 9158977 a composite number?
False
Is 23114677 a prime number?
False
Is 31015681 a prime number?
True
Is 38573246 prime?
False
Is 102241849 composite?
True
Is 1970557 a composite number?
True
Is 10436767 composite?
True
Is 48683431 a prime number?
False
Is 3314839 prime?
False
Is 319773 composite?
True
Is 74156242 a prime number?
False
Is 62651483 a prime number?
True
Is 250148533 composite?
True
Is 1055371 a prime number?
True
Is 19192549 a composite number?
True
Is 1829999 prime?
False
Is 20485799 a prime number?
False
Is 13985 prime?
False
Is 35269277 composite?
True
Is 922882 composite?
True
Is 48891241 a prime number?
False
Is 6943913 a prime number?
True
Is 3835291 a prime number?
True
Is 360297271 prime?
True
Is 33896377 composite?
False
Is 4329142 a composite number?
True
Is 10509823 composite?
False
Is 70509487 a prime number?
True
Is 24186977 composite?
False
Is 8527591 prime?
False
Is 21652703 composite?
False
Is 192212231 prime?
True
Is 40406315 composite?
True
Is 63905317 composite?
True
Is 11781166 prime?
False
Is 128394313 a composite number?
False
Is 6754411 prime?
True
Is 85500397 a composite number?
False
Is 369740563 a prime number?
False
Is 34608499 composite?
False
Is 33764459 composite?
False
Is 7399961 p